{"id":3061,"date":"2014-05-06T12:26:23","date_gmt":"2014-05-06T12:26:23","guid":{"rendered":"http:\/\/aeaf.edu.pt\/?page_id=3061"},"modified":"2018-11-26T12:11:15","modified_gmt":"2018-11-26T12:11:15","slug":"servico-de-administracao-escolar","status":"publish","type":"page","link":"https:\/\/aeaf.edu.pt\/?page_id=3061","title":{"rendered":"Servi\u00e7os Administrativos"},"content":{"rendered":"<div class=\"flex_column av_two_third  flex_column_div first  \" ><div class='avia-image-container  av-styling-   avia-align-center '  itemscope=\"itemscope\" itemtype=\"https:\/\/schema.org\/ImageObject\"  ><div class='avia-image-container-inner'><img class='avia_image ' src='http:\/\/aeaf.edu.pt\/wp-content\/uploads\/2014\/06\/DSC_1222.jpg' alt='' title='secretaria'   itemprop=\"contentURL\"  \/><\/div><\/div><\/div>\n<div class=\"flex_column av_one_third  flex_column_div av-zero-column-padding   \" style='border-radius:0px; '><section class=\"av_textblock_section\"  itemscope=\"itemscope\" itemtype=\"https:\/\/schema.org\/CreativeWork\" ><div class='avia_textblock '   itemprop=\"text\" ><h3>Servi\u00e7os Administrativos<\/h3>\n<p style=\"text-align: justify;\">Os Servi\u00e7os Administrativos destinam-se a apoiar o funcionamento da escola, nomeadamente no campo contabil\u00edstico e administrativo com vista \u00e0 perfeita integra\u00e7\u00e3o no Projeto Educativo da mesma.<\/p>\n<\/div><\/section><br \/>\n<div  class='hr hr-default '><span class='hr-inner ' ><span class='hr-inner-style'><\/span><\/span><\/div><br \/>\n<section class=\"av_textblock_section\"  itemscope=\"itemscope\" itemtype=\"https:\/\/schema.org\/CreativeWork\" ><div class='avia_textblock '   itemprop=\"text\" ><h3>Atendimento<\/h3>\n<p>Segunda a Sexta-feira<br \/>\n<strong>9:00h \u00e0s 16:00h<\/strong><\/p>\n<\/div><\/section><\/p><\/div>\n","protected":false},"excerpt":{"rendered":"","protected":false},"author":1,"featured_media":0,"parent":0,"menu_order":0,"comment_status":"closed","ping_status":"closed","template":"","meta":[],"_links":{"self":[{"href":"https:\/\/aeaf.edu.pt\/index.php?rest_route=\/wp\/v2\/pages\/3061"}],"collection":[{"href":"https:\/\/aeaf.edu.pt\/index.php?rest_route=\/wp\/v2\/pages"}],"about":[{"href":"https:\/\/aeaf.edu.pt\/index.php?rest_route=\/wp\/v2\/types\/page"}],"author":[{"embeddable":true,"href":"https:\/\/aeaf.edu.pt\/index.php?rest_route=\/wp\/v2\/users\/1"}],"replies":[{"embeddable":true,"href":"https:\/\/aeaf.edu.pt\/index.php?rest_route=%2Fwp%2Fv2%2Fcomments&post=3061"}],"version-history":[{"count":12,"href":"https:\/\/aeaf.edu.pt\/index.php?rest_route=\/wp\/v2\/pages\/3061\/revisions"}],"predecessor-version":[{"id":7743,"href":"https:\/\/aeaf.edu.pt\/index.php?rest_route=\/wp\/v2\/pages\/3061\/revisions\/7743"}],"wp:attachment":[{"href":"https:\/\/aeaf.edu.pt\/index.php?rest_route=%2Fwp%2Fv2%2Fmedia&parent=3061"}],"curies":[{"name":"wp","href":"https:\/\/api.w.org\/{rel}","templated":true}]}}

Serviços Administrativos

<div class="flex_column av_two_third  flex_column_div first  " ><div class='avia-image-container  av-styling-   avia-align-center '  itemscope="itemscope" itemtype="https://schema.org/ImageObject"  ><div class='avia-image-container-inner'><img class='avia_image ' src='http://aeaf.edu.pt/wp-content/uploads/2014/06/DSC_1222.jpg' alt='' title='secretaria'   itemprop="contentURL"  /></div></div></div>
<div class="flex_column av_one_third  flex_column_div av-zero-column-padding   " style='border-radius:0px; '><section class="av_textblock_section"  itemscope="itemscope" itemtype="https://schema.org/CreativeWork" ><div class='avia_textblock '   itemprop="text" ><h3>Serviços Administrativos</h3>
<p style="text-align: justify;">Os Serviços Administrativos destinam-se a apoiar o funcionamento da escola, nomeadamente no campo contabilístico e administrativo com vista à perfeita integração no Projeto Educativo da mesma.</p>
</div></section><br />
<div  class='hr hr-default '><span class='hr-inner ' ><span class='hr-inner-style'></span></span></div><br />
<section class="av_textblock_section"  itemscope="itemscope" itemtype="https://schema.org/CreativeWork" ><div class='avia_textblock '   itemprop="text" ><h3>Atendimento</h3>
<p>Segunda a Sexta-feira<br />
<strong>9:00h às 16:00h</strong></p>
</div></section></p></div>
